= x + 23 - 77*h + 90*h. What are the prime factors of i(8)?
2, 3, 11
Let q(k) = 2*k**2 - 3*k - 1. Let x be q(-4). Let z = -33 + x. Suppose -5*l - 265 = -z*l. List the prime factors of l.
53
Let a = 243 + -129. List the prime factors of (-1)/(((-12)/6)/a).
3, 19
Let b(j) = 636*j + 199. What are the prime factors of b(9)?
5923
Let k = -33369 + 50822. List the prime factors of k.
31, 563
Let f be (-4 - (0 - 5))*7. Suppose 28 = -5*h + f*h. List the prime factors of h.
2, 7
List the prime factors of ((-105)/14 - -3)*20/(-18)*3153.
3, 5, 1051
Let r = 36 - 40. Let d(z) = -12*z - 5. Let s(w) = -13*w - 5. Let f(m) = r*d(m) + 5*s(m). What are the prime factors of f(-2)?
29
Suppose -44*p + 14*p = 18060. Let x = p - -1697. What are the prime factors of x?
3, 5, 73
Suppose -2*n + 120258 = 2*f, -273605 - 27024 = -5*f - n. What are the prime factors of f?
5, 13, 37
Let n be (2/(-7))/((-1)/14). Suppose 3*c - 7013 = -n*w, 4*c - 159 = -w + 1591. List the prime factors of w.
2, 877
Let l(y) = 8*y**2 - 7*y - 29. Let z be l(15). Suppose -4*v - 2*q + z + 126 = 0, 5*v + 3*q - 2241 = 0. Suppose -v = -3*c - 0*c. What are the prime factors of c?
149
Let j(o) = 210*o**3 - 2*o**2 + 26*o - 12. What are the prime factors of j(3)?
2, 3, 953
Let w(f) be the third derivative of -f**6/120 + 17*f**5/60 + 5*f**4/6 + 23*f**3/2 - 210*f**2. List the prime factors of w(15).
3, 7, 13
Suppose -1756 = -9*z + 1898. Suppose -5*a + z = -344. What are the prime factors of a?
2, 3, 5
Suppose -9 = -3*t, 5*t = -5*k - 9 - 16. Let v = 310 - k. What are the prime factors of v?
2, 3, 53
Suppose -24819935 - 6611920 - 4132296 = -791*i. What are the prime factors of i?
3, 7, 2141
Let a be ((-16)/(-10))/((-12)/(-30)). List the prime factors of (-347)/(-4)*a + -1.
2, 173
Let c = 41260 - 16314. What are the prime factors of c?
2, 12473
Suppose 6 = -24*h + 26*h. Suppose v + h*g - 120 - 94 = 0, -2*g = 3*v - 670. What are the prime factors of v?
2, 113
Let n(w) = 126*w**2 - 18*w - 69. List the prime factors of n(-10).
3, 19, 223
Let b be ((-3808)/85)/((-2)/175). Suppose -b = -5*w + 4*s, 5*w + s = w + 3115. List the prime factors of w.
2, 3, 5, 13
List the prime factors of -7958*(-340)/140 + 12/(-21).
2, 3, 3221
Suppose -25*r - 1610 = -18*r. Let u = 670 + r. List the prime factors of u.
2, 5, 11
Let p = 2 + 12. Let o(h) = p*h**2 - 1 + 43*h**2 + 4 + 26*h**2 - 4*h. What are the prime factors of o(1)?
2, 41
Let t = 39580 + -27983. What are the prime factors of t?
11597
Let r(m) = 69*m**2 + 24*m + 233. List the prime factors of r(26).
47501
Suppose -5*c - 25 = -15. List the prime factors of (18258/136)/(3/(-16)*c).
2, 179
Suppose 3*v + 4*j - 10 - 19 = 0, -3*v - 16 = -5*j. Suppose -6*s + 610 = -3*s + 4*g, -v*g + 408 = 2*s. List the prime factors of s.
2, 3, 11
What are the prime factors of (-148)/4*(-10)/(100/490)?
7, 37
Suppose -o + 1322020 = -4*o - 5*x, -3*x + 12 = 0. What are the prime factors of o/(-360) - (-1)/(-9)?
2, 3, 17
Suppose -3 = -2*m + 5*m. Let s(n) = 155*n**2 + 3*n + 1. Let f be s(m). Let p = f + -88. List the prime factors of p.
5, 13
Suppose 2*x = 534 + 1922. Suppose 227 = -7*o + x. What are the prime factors of o?
11, 13
Suppose 3*j - 2 = j + 2*m, 0 = 3*j - 4*m - 6. Suppose -3*g = 12, -3*k + 3*g = 2*k - 112. Let u = k - j. What are the prime factors of u?
2, 11
Let h = -6735 - -13908. List the prime factors of h.
3, 797
Let d = 15595 - 8513. List the prime factors of d.
2, 3541
Let m(n) = 99*n - 75. List the prime factors of m(4).
3, 107
Let t = 75 + -72. Suppose t*d + 162 = 3*l - 84, 0 = l + 5*d - 76. Suppose -829 + l = -4*p. List the prime factors of p.
11, 17
Let c = -43 + 82. Suppose -3*g = 3*l - c, g + 74 = 5*l - 3*g. What are the prime factors of l?
2, 7
Let y = -30 - -36. Suppose -82 = y*a - 250. Suppose x - 3*s - a = 0, 2*x - s = -2*s + 42. What are the prime factors of x?
2, 11
Suppose -94*w + 79*w + 52605 = 0. List the prime factors of w.
3, 7, 167
Let t = -519 - -1030. Let x = t + -118. List the prime factors of x.
3, 131
What are the prime factors of -96*(-5)/(60/2031)?
2, 3, 677
Let y(p) = 2*p**2 - 6*p + 14. Let x be y(-4). Let k = 195 + -192. Suppose -k*d + 629 = -x. What are the prime factors of d?
233
Let v be (-30)/20*(-4)/6. Let a be (-4 + v)/(-3) - 13. What are the prime factors of a/(-15)*225/10?
2, 3
Let c(b) = 97*b - 845. What are the prime factors of c(33)?
2, 19, 31
Let i(z) = -147*z**2 - z + 1. Let v be i(1). Let u = 397 + v. List the prime factors of u.
2, 5
Let f(k) = 6*k + 9. Let j(p) = -7*p - 9. Let n(d) = 4*d + 25. Let v be n(-5). Let q(o) = v*f(o) + 6*j(o). List the prime factors of q(-6).
3, 7
Let g = -5975 + 18521. What are the prime factors of g?
2, 3, 17, 41
Let n = 57 - -166. Let w = n + -123. What are the prime factors of w?
2, 5
Let c be (3 - -18)/(2/18). Let p = 344 + -341. What are the prime factors of c + p + -6 + 5?
191
List the prime factors of ((-4)/18 + (-66345)/(-27))*208/78.
2, 3, 7, 13
Let o(v) = 27*v**2 + 694*v - 35. List the prime factors of o(-31).
2, 3, 733
Let g(b) = b**2 - 13*b + 20. Let m(j) = 22*j - 2*j - 15*j**2 - 6*j**2 + j**3 + 2*j - 23. Let x be m(20). List the prime factors of g(x).
2, 11
Let c(s) = 2*s**2 + 31*s + 19. Let v be c(24). Suppose -w = -4*r - 647, 0 = w - 4*w - r + v. What are the prime factors of w?
3, 71
Let v be (12/1)/3 + 6/3. Suppose 5*x + 5*f = -v - 9, 0 = 5*x + 3*f + 25. Let d = 206 - x. What are the prime factors of d?
2, 107
Suppose -3*y + 10 = -u, -2 = -2*y + y. Let n be ((-72)/(-126))/(u/(-14)). Suppose -3*d + 830 = 5*l, 5*l + n*d - 717 = 113. What are the prime factors of l?
2, 83
Let h be (-234)/(-9)*(-147)/(-6). Suppose -3*s + h = -a - 306, -s + 331 = 3*a. List the prime factors of s.
2, 79
Let y(m) = -145*m**3 - 2*m**2 - 3*m - 2. Let p be y(-1). Suppose 20*x = 26*x - p. List the prime factors of x.
2, 3
Suppose 3*y + 4*y = -0*y. Let o be y/(6/(-6 + 4)). What are the prime factors of 1/(o + 1/21)?
3, 7
Suppose 61*c + 16 = 65*c. Suppose -4*v - 4*a = -388, -c*v - 56 = -5*a - 471. What are the prime factors of v?
2, 5
Suppose 5*s - 2*s - 5*h - 52 = 0, -h - 30 = -2*s. Let x be (0 + 4 - s)*3/(-6). Let j = 17 + x. What are the prime factors of j?
2, 11
Let h(p) = -p**3 + p**2 + 2*p - 2. Let i be h(0). Let x be i/10 - 8/(-40). Suppose -3*t = 2*n + n - 402, x = -5*t + 2*n + 649. What are the prime factors of t?
131
Let v(h) be the third derivative of 7/8*h**4 + 0*h - 5/3*h**3 - 2*h**2 + 0. What are the prime factors of v(5)?
5, 19
Let v(u) = -u**3 - 3*u**2 + 4*u + 10. Let j = -304 - -298. What are the prime factors of v(j)?
2, 47
Suppose 23*v = -6*v + 145. What are the prime factors of ((-67)/v)/(44/(-440))?
2, 67
Let s(i) = -i**2 - 28*i + 255. Let g be s(7). Let r(n) = n**3 + 14*n**2 - 4 + 0*n**3 - 2*n**3 - 21*n. What are the prime factors of r(g)?
2, 3, 31
Suppose -31*s + 37*s - 79215 = -25833. List the prime factors of s.
7, 31, 41
Let q(i) = 8*i - 70. Let j be q(9). Suppose -2*l + 168 = j*l. List the prime factors of l.
2, 3, 7
Let z be ((-39)/(-12) - -1) + (-1)/4. Suppose -z*m + 6*m = -72. List the prime factors of m/(-54)*(-318)/(-4).
53
Suppose -2*s + 5*s - 349 = 5*m, -4*m = s - 88. What are the prime factors of -4*(-45)/s*12*13?
2, 5, 13
Suppose -4*p + 876 = 132. Let s = p + -107. Let q = s + -6. What are the prime factors of q?
73
Let k be -7 + (-11)/(33/(-1800)). List the prime factors of 49/(-7) + 9 + k.
5, 7, 17
Suppose -2*a + 4*t - 5*t + 54695 = 0, -a + 27330 = 3*t. What are the prime factors of a?
3, 1013
Let p(q) = 6*q**2 - 9*q - 17. Let x(t) = -t**2 + t + 1. Let n(g) = p(g) + 3*x(g). What are the prime factors of n(-4)?
2, 29
Let d = -13701 - -28207. List the prime factors of d.
2, 7253
Let i(o) = o - 18. Let f be i(21). Suppose 0 = -2*a + f*k - 8*k + 68, 5*k = 4*a - 166. List the prime factors of a.
3, 13
List the prime factors of 4919845/1715 - 4/(-14).
19, 151
Let l(j) = 1013*j + 1296. List the prime factors of l(25).
7, 3803
What are the prime factors of (-939)/9*(7/(-2) - -2)*296?
2, 37, 313
Let s(x) = -46*x**2 + 48*x**2 - 35*x**2 - x**3 - 38 + 27*x - 11. What are the prime factors of s(-34)?
3, 7
Suppose -10*h + 7*h = 0, h - 70125 = -3*w. What are the prime factors of 6/5*w/17?
2, 3, 5, 11
Let j = 47375 + -31139. What are the prime factors of j?
2, 3, 11, 41
Let x(y) be the third derivativ